and r?
11
Let i be 4/10 + (-924)/110. Let q(w) = -w**2 - 9*w + 16. Let a be q(i). Suppose -5*h = -38 - 22. What is the highest common divisor of a and h?
12
Suppose 7114 - 40768 = -6*v. Calculate the highest common divisor of 79 and v.
79
Suppose 2*k + 0 + 6 = 0, 0 = -r + 5*k + 79. Let n = 100 - 68. Calculate the highest common factor of n and r.
32
Suppose -5*l = -4*r - 1616, 102 = -l + 3*r + 423. What is the greatest common factor of l and 216?
108
Let r = 6 - 0. Let s(l) = 13*l + l**2 + r + 0*l**2 + 10. Let a be s(-14). What is the greatest common factor of a and 10?
10
Suppose 4*k = -5*f + 1034, -2*f - k - 214 = -3*f. Suppose 12*l = 7*l + 420. What is the greatest common factor of f and l?
42
Let t be (-4)/(-4)*-1 + 9. Suppose -t - 12 = 2*x. Let n(a) = -a**3 - 11*a**2 - 10*a + 8. Let u be n(x). What is the greatest common factor of u and 56?
8
Let k be (63 - 41) + (-8 - -1). Calculate the greatest common factor of 65 and k.
5
Suppose -10*q = -4*q + 312. Let w = q - -61. Calculate the greatest common factor of w and 9.
9
Let u(r) = 3*r - 8. Let i be u(6). Let c(n) = 7*n + 267. Let x be c(-31). Calculate the highest common factor of x and i.
10
Let x = 122 + -203. Let r = 90 + x. Calculate the highest common divisor of r and 72.
9
Let h(b) = 37*b + 373. Let f be h(-10). Calculate the highest common factor of f and 1047.
3
Suppose 39 = -4*l + 99. Suppose 0 = -3*z + 3 + l. Suppose 5*r + 3*x = 35, 9 = 3*r + 3*x - 18. Calculate the greatest common divisor of z and r.
2
Let w(q) be the first derivative of q**4/4 - 3*q**3 + q**2 + 12*q + 16. Let v be w(9). What is the greatest common factor of v and 15?
15
Let k = -17 - -30. Let f = k + -6. Let w be (-2)/f + (-2810)/(-35). What is the highest common divisor of 20 and w?
20
Suppose 22 = 2*d - 2*f, 43*d - 47*d + 56 = -f. What is the greatest common factor of d and 555?
15
Let w = 4 + -29. Let i = 27 + w. Calculate the highest common divisor of 5 and i.
1
Let y be (48 + -32)*(-3)/(-2). Suppose 5*s - 76 - 104 = 0. Calculate the greatest common divisor of s and y.
12
Let a be (-1 + -1)/(-1 - 1). Let d be a/((-1)/108*-4). Suppose -d = -2*y + g, -5*y - 4*g + g = -62. Calculate the highest common divisor of y and 26.
13
Suppose -6*p - 40 = -11*p. Suppose -25*f - 1944 = -52*f. Calculate the greatest common factor of f and p.
8
Let w(f) = -f**3 - 7*f**2 + 6*f - 3. Let o be w(-8). Let a(u) = u**2 + 21*u + 72. Let j be a(-20). Calculate the greatest common factor of j and o.
13
Let b be 0 + -2 + 5 + -3. Let c = 30 + b. What is the greatest common factor of 10 and c?
10
Suppose 5*a - 110 = 100. Suppose 18*f - 20*f = -a. What is the greatest common factor of f and 84?
21
Suppose p = 4*p - 6. Suppose 12 = 5*j - p*j. Suppose 30*r - 27*r = 24. What is the greatest common factor of j and r?
4
Let k(h) = 12*h**2 - 5*h - 12. Let f be k(-2). Let x = f + -11. What is the highest common factor of 5 and x?
5
Suppose 0 = -38*m + 36*m + 320. What is the greatest common divisor of 140 and m?
20
Let n be (-8*2/10)/((-2)/75). Let a(y) = y**3 - 8*y**2 + 10*y + 3. Let v be 3/(6/14 - 0). Let l be a(v). What is the highest common divisor of l and n?
12
Suppose 0 = 8*a - 3*a - 80. Suppose -5*o = -4*o - 3. Suppose -o*b = -0*b - 384. What is the greatest common divisor of b and a?
16
Suppose -4*a = -0*a - 20. Let v be ((-9 - -19)/(-10))/(-1). What is the greatest common divisor of a and v?
1
Suppose -20*l + 8749 + 5811 = 0. Calculate the highest common divisor of l and 39.
13
Suppose 6*z + 3 = 3*z, 445 = 5*c + 5*z. What is the highest common divisor of c and 495?
45
Let w be (-2)/(1 + 14/(-12)). Let s = 6038 - 5984. Calculate the greatest common divisor of w and s.
6
Suppose -5*c = 15, 28*c + 126 = 5*q + 26*c. What is the greatest common divisor of 24 and q?
24
Let b be (-6 - -5 - -1195) + (-6 - 0). What is the greatest common divisor of b and 66?
66
Suppose -6*y + 2742 + 1086 = 0. What is the greatest common factor of 11 and y?
11
Let v be -25 + 27 - (-20)/2. Suppose -2*w = -v*w + 60. Calculate the greatest common divisor of w and 42.
6
Let j = -1623 - -2451. Suppose -4 = -13*o + j. What is the greatest common divisor of o and 24?
8
Let i(m) = -m - 1. Let k be i(0). Let r be 118 + 0 - (k + 0). Suppose 0 = -2*g + 2*b + 38, 4*g + 0*b + b = 66. What is the greatest common divisor of r and g?
17
Let t = -143 - -195. Suppose 0*n - 4*n = -5*w - 218, 0 = 2*w + 4. Calculate the greatest common divisor of t and n.
52
Suppose 3*n = -2*d + 124, 65 + 119 = 4*n - 2*d. Calculate the greatest common divisor of n and 352.
44
Suppose 0 = d + 2*w - 32 - 27, -5*w - 235 = -5*d. Let v be (3/(-3))/((-1)/(-17)). Let s = v + d. Calculate the highest common divisor of s and 85.
17
Let w(y) = -13*y**3 - 1. Let x be 1*(2 - (6 + -3)). Let k be w(x). Let m = -59 - -63. What is the highest common factor of m and k?
4
Let x = -13 - -11. Let y(h) = -h - 2. Let d be y(x). Suppose d = -t - t + 2*m + 16, 5*m + 4 = -t. What is the greatest common factor of t and 6?
6
Let o = 4 + 9. Suppose 0 = -7*s + o*s - 360. Let v be (-4)/1 - (0 - 16). Calculate the greatest common divisor of v and s.
12
Let c = 1918 - 1881. What is the highest common divisor of 74 and c?
37
Suppose -19*k = -3*k - 96. Suppose 8*r - 26 = k. Calculate the greatest common divisor of r and 4.
4
Suppose 19 - 51 = -2*l. Let g = l + -12. What is the highest common divisor of g and 36?
4
Suppose -2*g + 0*g = 0. Suppose 0 = -3*c + 2*k + 13, 3*c + g*k + k - 7 = 0. Suppose -c*x = -5*x + 130. Calculate the highest common factor of x and 13.
13
Let u be (-19)/(-5) + (-3)/(-15). Suppose 4*y - 5*j = 3*y - 290, 0 = -u*j + 20. Let g = y - -381. What is the greatest common factor of 29 and g?
29
Let x be 51/(-136) - 1878/(-16) - -5. What is the greatest common divisor of 2 and x?
2
Let t = 474 + -374. Calculate the highest common divisor of t and 160.
20
Suppose 0 = 2*o - 6*o + 360. Suppose 31 = -z + o. Suppose -5*f + 36 = -z. What is the highest common factor of 19 and f?
19
Suppose 5*b + 1152 = 21*b. What is the greatest common divisor of b and 384?
24
Let m(p) = -6*p - 38. Let y be m(-7). Suppose -8 = -4*k, -4*j - 12 + 64 = -y*k. Calculate the greatest common divisor of 120 and j.
15
Let m be (-40)/260 + (-15)/(-13). Calculate the greatest common factor of 63 and m.
1
Let l = -1 + 46. Let f be (-10)/18*-3*(-198)/(-11). Calculate the highest common factor of f and l.
15
Suppose -z - 4*z + 9*z = 0. Suppose f - 24 = r - 0*r, f - 5*r - 40 = z. What is the greatest common factor of 2 and f?
2
Let s be ((-9)/3)/(18/(-132)). Calculate the highest common factor of s and 22.
22
Let y = 12 - 4. Suppose -y = -9*p + 7*p. What is the greatest common factor of p and 36?
4
Let h be (-1 - (-20)/(-4)) + (-946)/(-11). Suppose -8 - 12 = -w. Calculate the highest common factor of h and w.
20
Let h(q) = -2*q**2 - 270*q + 1403. Let z be h(5). Let o(t) = 4*t**2 - 4*t + 3. Let m be o(3). What is the greatest common factor of m and z?
3
Suppose 4*x + 67 = 5*x - 4*o, 0 = 5*o + 5. What is the highest common divisor of x and 231?
21
Suppose 0 = -4*f + u + 944 + 628, -1964 = -5*f + u. What is the greatest common factor of f and 56?
56
Let w be (-132)/(-2) - (40/(-4) - -13). What is the highest common divisor of w and 18?
9
Let b(j) = j**3 + 4*j**2 - 8*j - 6. Suppose 0 = 4*f + 18 + 2. Let i be b(f). Let h be 46/3*i/6. What is the greatest common divisor of h and 184?
23
Let h be 15/1 + 7 + -14. Calculate the highest common divisor of 40 and h.
8
Let w(s) = s - 9. Let f be w(-11). Let h = f + 35. What is the greatest common divisor of 45 and h?
15
Suppose -2 = -2*d + 8. Suppose -38 = -3*f - d. What is the highest common divisor of f and 77?
11
Let y be 2*(80 - (3 + -5 - -5)). What is the greatest common factor of 44 and y?
22
Suppose 2*a = -8*a + 280. What is the highest common divisor of 140 and a?
28
Let g be (1 - 21)*(-114)/10. What is the highest common divisor of g and 24?
12
Let j(y) = y - 2 - y + 2*y**2. Suppose -15*g - 2 = -14*g. Let f be j(g). What is the greatest common divisor of f and 66?
6
Let o be (-12)/(-18)*(-9)/(-2). Suppose -1 + 19 = o*v. Let u be (-4)/v - 154/(-33). What is the greatest common factor of 4 and u?
4
Suppose 0 = -1485*h + 1475*h + 12250. What is the greatest common factor of 49 and h?
49
Let p(h) = -10*h 